-10836
In base 9, what is -6 - 152252?
-152258
In base 16, what is -154f + 6?
-1549
In base 4, what is 103202013 + -21?
103201332
In base 6, what is -1 - -1041243?
1041242
In base 9, what is -263 - -48?
-214
In base 4, what is 130110 - -1230?
132000
In base 3, what is -11012 + 11202?
120
In base 10, what is 4553 - -1424?
5977
In base 16, what is 127b1 + -9?
127a8
In base 10, what is -1 - 11503?
-11504
In base 13, what is 1 - -5b33?
5b34
In base 6, what is 0 - -23045333?
23045333
In base 5, what is 103 - 113022?
-112414
In base 4, what is 1112120201 - -3?
1112120210
In base 14, what is -1 + -1007d0?
-1007d1
In base 12, what is -46269 + 2?
-46267
In base 2, what is 100 + 1000101010100?
1000101011000
In base 14, what is -5 + -a3150?
-a3155
In base 8, what is -2345 - 15?
-2362
In base 6, what is 23 + -514?
-451
In base 9, what is -4 - -220147?
220143
In base 4, what is 132 - -33011?
33203
In base 7, what is -143 - 132?
-305
In base 15, what is -1b448 - -16?
-1b432
In base 2, what is -11 + 10000001111110?
10000001111011
In base 16, what is 7d61 - -74?
7dd5
In base 12, what is -19 + 2695a?
26941
In base 16, what is 345a + -d?
344d
In base 16, what is -225 + e5?
-140
In base 12, what is a1a + -590?
44a
In base 11, what is -967 + -150?
-1007
In base 6, what is 5 - -35432?
35441
In base 5, what is -12 + -4033144?
-4033211
In base 9, what is 1236 - -10?
1246
In base 11, what is -12 - 26689?
-266a0
In base 10, what is 271 + -1121?
-850
In base 9, what is -6 - 12648?
-12655
In base 16, what is c4 + 2f48?
300c
In base 8, what is -1547 + 33?
-1514
In base 13, what is -1 - 18464c?
-184650
In base 16, what is 22 - bd?
-9b
In base 6, what is -2444 + -240?
-3124
In base 4, what is 10 - 3110113123?
-3110113113
In base 12, what is -52677 + 2?
-52675
In base 4, what is 221000 - 102020?
112320
In base 14, what is 5ba - -125?
701
In base 4, what is -111212122 + 10?
-111212112
In base 3, what is -111020 - 10222002?
-11110022
In base 6, what is -312 - -133?
-135
In base 10, what is 22832 + 5?
22837
In base 14, what is -1011271 - -3?
-101126c
In base 14, what is -17b9 - 0?
-17b9
In base 15, what is -322 - 50?
-372
In base 8, what is -4 + 145123?
145117
In base 6, what is -34245 - 25?
-34314
In base 14, what is 5 + 5385?
538a
In base 13, what is 11 + 38?
49
In base 9, what is -854 + -52?
-1016
In base 3, what is -110201000 + 100121?
-110100102
In base 13, what is -3399 + 173?
-3226
In base 12, what is -16 - -12610?
125b6
In base 6, what is 5 - 53344?
-53335
In base 12, what is -1664 - -394?
-1290
In base 8, what is 2 + 27651?
27653
In base 4, what is -3 + -32200220?
-32200223
In base 2, what is 10000 - -101100101111?
101100111111
In base 13, what is -ab27 - 0?
-ab27
In base 13, what is -6b - c81?
-101c
In base 4, what is 31 + 113223202?
113223233
In base 5, what is -20432333 + -1?
-20432334
In base 9, what is -57 - 2244?
-2312
In base 16, what is -6 + -44c1?
-44c7
In base 5, what is 1303 + 1004?
2312
In base 7, what is 2442 - -3023?
5465
In base 2, what is 1010000011000101 - 10010?
1010000010110011
In base 10, what is -17414 + -3?
-17417
In base 12, what is -1 - 41789?
-4178a
In base 11, what is 3 - 573477?
-573474
In base 5, what is 1 - 102120204?
-102120203
In base 14, what is -18ad8 - 5?
-18add
In base 6, what is 502251 - -4?
502255
In base 15, what is -2 - 559?
-55b
In base 2, what is -10000001 - -110101110101?
110011110100
In base 9, what is -76 + 1825?
1738
In base 10, what is -1 - 1576714?
-1576715
In base 9, what is -33477 - -135?
-33342
In base 9, what is 5 + 368660?
368665
In base 8, what is 43404 + 106?
43512
In base 10, what is 504261 + 5?
504266
In base 9, what is 128641 + 5?
128646
In base 10, what is 549 + 239?
788
In base 14, what is 8108 + -14?
80d4
In base 8, what is -11172 - 3525?
-14717
In base 2, what is -11010011110001 + -111?
-11010011111000
In base 9, what is 15 + 47167?
47183
In base 15, what is -1d403 + -4?
-1d407
In base 2, what is -10000010011001000 - -100?
-10000010011000100
In base 11, what is -886 - 9?
-894
In base 4, what is -12133131 + 231?
-12132300
In base 9, what is 3515 + 30?
3545
In base 8, what is 16 + -726233?
-726215
In base 7, what is -1113 - -1452?
336
In base 5, what is -104 + 2002?
1343
In base 16, what is -6436e - 2?
-64370
In base 4, what is 10 + 23120001?
23120011
In base 4, what is 3330200313 + 2?
3330200321
In base 16, what is -131229 - 2?
-13122b
In base 4, what is 3101312 - -130?
3102102
In base 9, what is -2156 - 13?
-2170
In base 15, what is -3d - -2a?
-13
In base 5, what is -11330 + -2330?
-14210
In base 10, what is -7 + -15?
-22
In base 11, what is 220 - -580?
7a0
In base 16, what is -63e + -3?
-641
In base 10, what is 43 + -57335?
-57292
In base 10, what is -572 + -118?
-690
In base 16, what is 10 - 1d7?
-1c7
In base 12, what is -3695 - -11?
-3684
In base 4, what is 201222 + 1?
201223
In base 16, what is 41 + 115?
156
In base 6, what is -14215 + -14213?
-32432
In base 16, what is 3 + -18ad87?
-18ad84
In base 14, what is 52 - -1350?
13a2
In base 3, what is -1201011 - -111?
-1200200
In base 10, what is 0 - 215288?
-215288
In base 5, what is 300212 + -120?
300042
In base 12, what is 19a9 - -272?
205b
In base 6, what is -120 + -143?
-303
In base 5, what is 1113 + -432102?
-430434
In base 10, what is 205 + 117?
322
In base 12, what is -1608 - -6a?
-155a
In base 11, what is 7 - -642?
649
In base 3, what is 102011022101 + -12?
102011022012
In base 9, what is -68 + 2607?
2528
In base 6, what is 4435 + 325?
5204
In base 4, what is 11 + 102032?
102103
In base 14, what is -3 - -304?
301
In base 8, what is 32 - 22?
10
In base 14, what is 114 + 153d?
1653
In base 10, what is 4 - 211828?
-211824
In base 6, what is -2430 - 135?
-3005
In base 8, what is 7 + 1515615?
1515624
In base 7, what is 1 - 54212?
-54211
In base 2, what is 111110011 - -11000010?
1010110101
In base 13, what is -561b2 - -1?
-561b1
In base 16, what is -103b + -14?
-104f
In base 13, what is ac6 + -85?
a41
In base 8, what is -3110 - 246?
-3356
In base 7, what is 1633 - 1406?
224
In base 15, what is e698 - 0?
e698
In base 7, what is -161 - 2654?
-3145
In base 3, what is -10121120220 - 121?
-10121121111
In base 9, what is -5 + -7817?
-7823
In base 3, what is -12122 - -10222?
-1200
In base 3, what is 11010100 - 112002?
10121021
In base 9, what is -83207 + 50?
-83147
In base 9, what is 44220 + 85?
44315
In base 4, what is 1232321 + -3?
1232312
In base 2, what is 101100111000110010100 - 1?
101100111000110010011
In base 9, what is -603276 + -4?
-603281
In base 16, what is -3e + -9?
-47
In base 15, what is -1 - -29026?
29025
In base 13, what is 16039 - -4?
16040
In base 15, what is -3 + -7c9?
-7cc
In base 15, what is 1054c + -2?
1054a
In base 14, what is -100 + -2557?
-2657
In base 9, what is 120562 + 1?
120563
In base 6, what is 1301 + 40?
1341
In base 2, what is 1010000100111011000 - 10110?
1010000100111000010
In base 14, what is 2a959 + -4?
2a955
In base 16, what is -8a - 1?
-8b
In base 4, what is 1 + -32221000?
-32220333
In base 12, what is -3 + 36573?
36570
In base 5, what is -4122402 - -4?
-4122343
In base 4, what is 21110333 + -103?
21110230
In base 10, what is 6 + -356?
-350
In base 12, what is 1b24 + 5?
1b29
In base 10, what is -28 + -11721?
-11749
In base 3, what is -2122201010212 - -1?
-2122201010211
In base 8, what is -14 - -12405?
12371
In base 9, what is -1 - 144474?
-144475
In base 6, what is 30 - -5100?
5130
In base 8, what is -131 - -113631?
113500
In base 12, what is -5 - 4490a?
-44913
In base 7, what is 1111105 + -4?
1111101
In base 13, what is -c1c94 + 4?
-c1c90
In base 7, what is 10534 - -1?
10535
In base 4, what is -100 + 23122?
23022
In base 2, what is -10 + 1011100010110011?
1011100010110001
In base 16, what is -2761 + -5c?
-27bd
In base 4, what is 1 + -223001132?
-223001131
In base 10, what is -17796 + 5?
-17791
In base 5, what is 42 + -32123014?
-32122422
In base 3, what is -11000212110 + -1110?
-11000220220
In base 2, what is 10101111010000000111 + -100?
10101111010000000011
In base 2, what is -100 - 100101100100011101?
-100101100100100001
In base 11, what is -5 - -815a96?
815a91
In base 10, what is -1 + -51252?
-51253
In base 15, what is -16b - -c6?
-95
In base 6, what is -1 - -23020105?
23020104
In base 13, what is 197 + 14c1?
1688
In 